test common factor of v and w.
17
Suppose 4*p = 4*w + 1752, -9*p + 13*p = 2*w + 1744. What is the highest common factor of p and 62?
62
Let r be (-5)/((-25)/(-945))*1. Let u = -4 - r. What is the highest common divisor of 74 and u?
37
Suppose 0*r = -r - n + 8, 5*n - 25 = -2*r. Let x = r - 0. Suppose 0 = x*u - 2*u - 132. What is the greatest common factor of u and 4?
4
Suppose -4*p + 0 = -s - 2, 3*s = -3*p + 9. Suppose 4*r = s*r + 528. Calculate the greatest common divisor of 24 and r.
24
Let m be 2 + (-5)/(-10)*-2. Let t = 4 + m. What is the greatest common factor of t and 15?
5
Let h be 15/105 - (-12)/14. Let k be h/(-3 - 514/(-171)). Let o(m) = -20*m - 1. Let n be o(-1). Calculate the greatest common divisor of k and n.
19
Let f(w) = 12*w**2 + 8*w**2 + w**3 - 15*w**2 - 5*w - 6. Let r be f(-5). Calculate the highest common factor of 19 and r.
19
Suppose -2*f = 2*x - 10, 3*f - 4*x - 10 = 4*f. Calculate the greatest common factor of 790 and f.
10
Let b(v) = -v - 4. Let j be b(-9). Suppose 5*y - j*g = 0, 0*y - 5*y + g + 20 = 0. What is the greatest common factor of y and 45?
5
Let l(q) = q**2 - 2*q + 21. Let g be l(0). Calculate the highest common factor of g and 42.
21
Suppose -31*w = 37*w - 7208. What is the greatest common divisor of w and 1431?
53
Let c = 10 - 5. Suppose c*y - 120 = -y. What is the highest common divisor of y and 100?
20
Let p be (-24)/8 - 17*1. Let s be (44/16)/((-1)/p). Let i = 28 + -6. What is the highest common divisor of i and s?
11
Let r = -96 - -187. Calculate the greatest common divisor of r and 637.
91
Suppose 3*k + 37 - 25 = 0, 5*o - 2144 = k. What is the highest common factor of 4 and o?
4
Suppose -4*w = -0*y - 4*y + 1080, 0 = 5*y + 5*w - 1300. Suppose 6*g - 3*g - 280 = h, -4*h = -3*g + y. What is the greatest common factor of g and 19?
19
Suppose 0 = 12*h - 29*h + 357. What is the greatest common factor of 6 and h?
3
Suppose -15 = -5*u + 60. What is the highest common factor of u and 12?
3
Suppose 8*u - 109 = 19. What is the highest common divisor of u and 148?
4
Let l = -675 - -755. Calculate the highest common divisor of 25 and l.
5
Let u(x) = -16*x - 36. Let n be u(-3). Calculate the greatest common factor of 114 and n.
6
Suppose 0 = 4*g - 3*a - 204, -180 = -4*g - 3*a - 0*a. Let p = -66 - -138. What is the highest common divisor of g and p?
24
Let j(y) be the first derivative of y**2/2 + 18*y + 1. Let s be (5 - 5)/(-1 + -4). Let l be j(s). Calculate the highest common divisor of l and 27.
9
Suppose 20 = 7*a - 3*a. Let c(y) be the second derivative of 3*y**3/2 - 3*y**2/2 - 2*y. Let w be c(2). Calculate the greatest common factor of a and w.
5
Suppose -270 = 81*r - 84*r. What is the highest common divisor of r and 315?
45
Let b(d) = 3*d + 2. Let m be b(-1). Let q(j) = -190*j**3 - j**2 - j - 1. Let p be q(m). Suppose t - p = -28. What is the greatest common divisor of 23 and t?
23
Let n(l) = 6*l**2 + 2*l - 2. Let u be n(-2). Calculate the highest common factor of u and 306.
18
Let d = 19 - -5. Let n = 946 + -938. Calculate the greatest common divisor of d and n.
8
Suppose 0 = 6*z - 5*z - 5. Suppose l - 2*l + z = 0. Suppose 12 = 3*g, 3*g - g = l*n - 47. What is the greatest common factor of n and 22?
11
Suppose 40 = n - 5*i, 4*n + i = 2*n + 80. Let g = -2160 - -2176. What is the greatest common factor of g and n?
8
Let p(q) = -q**3 - 3*q - 26. Let t be p(-6). Calculate the greatest common divisor of 156 and t.
52
Let k be (-1719)/(-3) + -1*(-2 + 3). Suppose 6*a = 196 + k. Calculate the greatest common divisor of a and 16.
16
Let u(n) = -11*n - 28. Let l(c) = -5*c - 14. Let x(w) = 7*l(w) - 3*u(w). Let s be x(-11). Calculate the highest common divisor of s and 8.
8
Let f = -301 + 371. What is the highest common factor of 280 and f?
70
Suppose 3*h - 56 = 5*d, 2*d = 2*h + 8 - 40. Let z = h - 11. What is the highest common divisor of z and 9?
1
Suppose 0 = -4*h - 8, 4*f = -3*h + 6*h + 82. Let n = f - 16. Calculate the highest common factor of 30 and n.
3
Suppose 56*g = 60*g + 2*s - 214, g - 4*s = 40. Calculate the greatest common factor of g and 897.
13
Let h be (2/2*-2)/((-1)/(-2)). Let n be 40/6 + h/(-12). What is the highest common factor of n and 28?
7
Let z(u) = 37*u - 5. Let q be (-1 + (-2)/(-6))*-6. Let r be z(q). Let m = 48 - 35. What is the greatest common factor of m and r?
13
Let o = -636 - -659. Calculate the greatest common divisor of o and 207.
23
Suppose -2*z = -15 - 193. What is the highest common divisor of z and 130?
26
Suppose -11 = 5*x - 36. Suppose 0*r + 3 = -r. Let c = x + r. What is the highest common divisor of 5 and c?
1
Suppose -20*b + 16*b + 3*d + 155 = 0, b = 2*d + 35. Calculate the highest common divisor of b and 533.
41
Suppose 0 = 3*a - 0*a - r - 85, -a = 5*r - 23. Suppose 152 = 14*i - 18*i. Let j = i - -66. What is the highest common factor of j and a?
28
Let r be (-333 + 5)*(8 + (-175)/20). What is the highest common divisor of 6 and r?
6
Let v(s) = -6*s - 48. Let i be v(-10). Suppose 0 = 2*x - 3*o - 270, 2*x - o - 258 = -4*o. What is the greatest common divisor of i and x?
12
Suppose -j = t - 44, 4*t + 228*j - 232*j - 208 = 0. Let m be 4/10 + 316/10. Calculate the greatest common factor of m and t.
16
Let d = 2 + 0. Suppose 2*l = -2*u + 4, -4*u + 7*u = l - d. Suppose n + 5*c = 38, 3 = l*n - 3*c - 47. Calculate the greatest common divisor of n and 7.
7
Suppose 15*a - 19*a = -y + 188, -2*a - 188 = -y. What is the greatest common divisor of y and 329?
47
Let c = 949 - 875. What is the highest common factor of 2368 and c?
74
Suppose 0 = 3*v - 5*j - 106, -j + 15 = 3*v - 115. Let q(z) = z**3 - z - 11. Let p be q(4). Let l = p + 14. Calculate the highest common divisor of l and v.
21
Let u(n) = n - 2. Let c be u(-18). Let o = 4 - c. What is the highest common divisor of o and 6?
6
Suppose 4*l = -l. Suppose -5*g + a = -20, -8 = -l*g - g + a. Suppose -7*c + 8 = -g*c. What is the highest common divisor of 1 and c?
1
Let b = -16 + 31. Let p be ((-4)/(-5))/(b/225). Calculate the greatest common divisor of p and 4.
4
Suppose -4*p = -40*p + 1800. Calculate the greatest common factor of 25 and p.
25
Let b = -78 + 176. Suppose 0*o + o - b = 0. Calculate the highest common divisor of 14 and o.
14
Let l(m) = 4*m**2 + 32*m + 138. Let z be l(-16). Calculate the greatest common factor of 26 and z.
26
Let a(v) = -v**3 + 8*v**2 - 9*v + 2. Let x be a(6). Let z be 4/(-32)*2 + (-829)/(-4). Let u = z - 157. Calculate the greatest common divisor of u and x.
10
Let l(i) = i**3 + 13*i**2 + 38*i + 115. Let r be l(-9). What is the greatest common divisor of r and 1843?
97
Let a be ((-724)/12)/((-7)/21) + -4. Calculate the highest common factor of a and 3.
3
Let k be (-4 - -2)/(-2)*-18. Let v = 46 + k. What is the greatest common divisor of 42 and v?
14
Let r(n) = 9*n - 63. Suppose 0 = -18*m + 247 + 23. Let g be r(m). What is the highest common divisor of g and 18?
18
Let p = 1 - -2. Suppose 2*t = -p*t + 1320. What is the highest common factor of t and 24?
24
Let n be (-2)/12 + (-589)/(-114). Suppose s - 1 = 0, 0 = 2*d + 4*s - 9 - n. Suppose 32 = -b + d*b. Calculate the highest common divisor of b and 1.
1
Let f = 269 - 257. Suppose -p = 3*p. Suppose p = y - 5*j - 16 - 47, 0 = 5*j + 15. What is the greatest common factor of y and f?
12
Let x = -37 - -43. Suppose -4*r = -x*r + 78. What is the greatest common divisor of 273 and r?
39
Let y(z) = -z**2 + 15*z - 30. Let t = -27 + 39. Let u be y(t). Suppose -240 = 3*f - 8*f. What is the highest common divisor of u and f?
6
Let c(l) = -2*l + 13. Let y be c(4). Suppose 0 = -y*w + 51 + 4. Suppose w*m = 8*m + 30. Calculate the greatest common divisor of m and 50.
10
Suppose -32*l - 2*l + 19074 = 0. Calculate the highest common divisor of l and 34.
17
Suppose -2*u + 13 = 5*t, t + 2 = -2*u - t. Let p be 3*10/(-6)*u. Calculate the greatest common divisor of 45 and p.
15
Let b(c) = 3*c**2 + 7*c - 1. Let n be b(-3). Suppose 0 = -4*x - 3*r + 103, -5*x + 153 = -r + 29. Calculate the highest common divisor of n and x.
5
Let k(y) be the third derivative of y**5/60 - y**4/6 - 2*y**3/3 + 17*y**2. Let a be k(10). Let f = 17 - 9. Calculate the highest common factor of a and f.
8
Let p(n) = -n**3 + 11*n**2 - 4*n - 8. Let m be p(10). What is the highest common factor of 12 and m?
4
Let y